the ten millions digit of 126727213?
2
What is the ten thousands digit of 39174343?
7
What is the hundreds digit of 2766070533?
5
What is the millions digit of 1849080313?
9
What is the millions digit of 642571493?
2
What is the hundreds digit of 176418026?
0
What is the hundred thousands digit of 68591959?
5
What is the ten millions digit of 19633807?
1
What is the millions digit of 676054702?
6
What is the tens digit of 449938844?
4
What is the hundred millions digit of 2502348360?
5
What is the ten thousands digit of 109198061?
9
What is the tens digit of 1613395?
9
What is the hundreds digit of 193972564?
5
What is the ten millions digit of 234720422?
3
What is the billions digit of 1515915102?
1
What is the billions digit of 5212637293?
5
What is the billions digit of 1078790671?
1
What is the billions digit of 3859558894?
3
What is the hundred millions digit of 1235947035?
2
What is the ten thousands digit of 15214891?
1
What is the hundred thousands digit of 3235573065?
5
What is the millions digit of 128796330?
8
What is the tens digit of 102933594?
9
What is the hundred millions digit of 1109484730?
1
What is the thousands digit of 54875872?
5
What is the hundred thousands digit of 43268911?
2
What is the units digit of 412033793?
3
What is the billions digit of 5558677318?
5
What is the tens digit of 835946866?
6
What is the billions digit of 4782104087?
4
What is the hundred thousands digit of 116270343?
2
What is the hundred thousands digit of 287473400?
4
What is the hundred millions digit of 5247396434?
2
What is the hundred thousands digit of 1104017915?
0
What is the ten millions digit of 6787618371?
8
What is the thousands digit of 357667953?
7
What is the ten thousands digit of 36342038?
4
What is the millions digit of 79672623?
9
What is the tens digit of 30260905?
0
What is the billions digit of 5693288577?
5
What is the units digit of 153161230?
0
What is the hundred millions digit of 301062805?
3
What is the hundred thousands digit of 205175392?
1
What is the hundred thousands digit of 423115889?
1
What is the thousands digit of 240098525?
8
What is the hundred thousands digit of 96574095?
5
What is the thousands digit of 136995410?
5
What is the hundred thousands digit of 4256315?
2
What is the units digit of 109007185?
5
What is the ten thousands digit of 23217723?
1
What is the billions digit of 1306185111?
1
What is the ten thousands digit of 80648833?
4
What is the thousands digit of 55093673?
3
What is the hundred thousands digit of 946793040?
7
What is the hundreds digit of 232661289?
2
What is the ten thousands digit of 2138484518?
8
What is the thousands digit of 51409433?
9
What is the ten millions digit of 1720223339?
2
What is the thousands digit of 2219248494?
8
What is the millions digit of 98883860?
8
What is the hundreds digit of 32137261?
2
What is the tens digit of 148812884?
8
What is the ten millions digit of 609218272?
0
What is the ten millions digit of 55777965?
5
What is the tens digit of 79691148?
4
What is the units digit of 187214164?
4
What is the hundred thousands digit of 26157960?
1
What is the billions digit of 1186015816?
1
What is the tens digit of 2005422289?
8
What is the tens digit of 214960039?
3
What is the hundred thousands digit of 28032185?
0
What is the hundred thousands digit of 63049234?
0
What is the ten millions digit of 195269535?
9
What is the billions digit of 1418503136?
1
What is the ten millions digit of 113430956?
1
What is the hundred millions digit of 358350016?
3
What is the ten thousands digit of 5314392469?
9
What is the units digit of 128224753?
3
What is the units digit of 66330418?
8
What is the hundred millions digit of 126477801?
1
What is the tens digit of 2692543846?
4
What is the ten thousands digit of 49959251?
5
What is the billions digit of 2278529556?
2
What is the units digit of 1428466930?
0
What is the tens digit of 21077599?
9
What is the millions digit of 1659999306?
9
What is the tens digit of 483999674?
7
What is the units digit of 40168814?
4
What is the ten millions digit of 55703504?
5
What is the ten thousands digit of 12934786?
3
What is the tens digit of 1047999308?
0
What is the hundreds digit of 827693?
6
What is the millions digit of 22143581?
2
What is the hundred thousands digit of 19965691?
9
What is the hundred millions digit of 461528800?
4
What is the hundreds digit of 109397604?
6
What is the hundreds digit of 138091670?
6
What is the hundreds digit of 136687773?
7
What is the ten thousands digit of 471728139?
2
What is the ten thousands digit of 308714750?
1
What is the hundred millions digit of 1437892702?
4
What is the ten thousands digit of 54128227?
2
What is the ten millions digit of 86436546?
8
What is the thousands digit of 2762417316?
7
What is the hundred thousands digit of 14743813?
7
What is the thousands digit of 1460138582?
8
What is the hundred thousands digit of 122020755?
0
What is the millions digit of 9924339?
9
What is the tens digit of 491116207?
0
What is the ten millions digit of 852337605?
5
What is the hundred thousands digit of 1295638675?
6
What is the units digit of 158964841?
1
What is the thousands digit of 1924435788?
5
What is the hundred thousands digit of 79713976?
7
What is the hundred millions digit of 131109790?
1
What is the hundred millions digit of 245195772?
2
What is the tens digit of 4121887?
8
What is the ten millions digit of 44538747?
4
What is the units digit of 19047983?
3
What is the ten millions digit of 85596943?
8
What is the thousands digit of 404174833?
4
What is the millions digit of 630932763?
0
What is the hundred thousands digit of 66916078?
9
What is the hundred thousands digit of 929112823?
1
What is the millions digit of 74266768?
4
What is the ten millions digit of 989681187?
8
What is the tens digit of 11448303?
0
What is the units digit of 1718348686?
6
What is the hundreds digit of 3912128647?
6
What is the ten thousands digit of 18693715?
9
What is the units digit of 202852225?
5
What is the tens digit of 119354628?
2
What is the units digit of 234812200?
0
What is the hundreds digit of 395052765?
7
What is the hundred thousands digit of 71483432?
4
What is the ten thousands digit of 2498541917?
4
What is the ten millions digit of 660101489?
6
What is the millions digit of 71130369?
1
What is the units digit of 31538693?
3
What is the ten thousands digit of 5082156226?
5
What is the thousands digit of 213876466?
6
What is the millions digit of 1501391237?
1
What is the ten millions digit of 6593874905?
9
What is the millions digit of 45229678?
5
What is the ten thousands digit of 64592800?
9
What is the hundreds digit of 404325427?
4
What is the units digit of 56611293?
3
What is the hundred thousands digit of 216928377?
9
What is the units digit of 1720967270?
0
What is the hundred thousands digit of 410836190?
8
What is the millions digit of 13616721?
3
What is the ten thousands digit of 7403753?
0
What is the units digit of 67932335?
5
What is the ten thousands digit of 38220229?
2
What is the ten thousands digit of 154857611?
5
What is the thousands digit of 2529574383?
4
What is the units digit of 92898003?
3
What is the hundreds digit of 37425368?
3
What is the thousands digit of 2907442523?
2
What is the units digit of 127624265?
5
What is the hundred thousands digit of 350855760?
8
What is the tens digit of 8102047074?
7
What is the tens digit of 1223577983?
8
What is the ten millions digit of 69240945?
6
What is the ten thousands digit of 599991555?
9
What is the hundreds digit of 60623752?
7
What is the ten millions digit of 61877539?
6
What is the ten thousands digit of 31182001?
8
What is the tens digit of 13498596?
9
What is the hundreds digit of 1986215734?
7
What is the ten thousands digit of 187651424?
5
What is the tens digit of 214274955?
5
What is the units digit of 82854371?
1
What is the millions digit of 1188625234?
8
What is the ten millions digit of 5966038264?
6
What is the hundreds digit of 1309646758?
7
What is the hundreds digit of 132384166?
1
What is the tens digit of 879061337?
3
What is the ten millions digit of 24669722?
2
What is the units digit of 48807760?
0
What is the hundred thousands digit of 242899334?
8
What is the ten